{"id":1109,"date":"2025-01-08T13:24:35","date_gmt":"2025-01-08T18:24:35","guid":{"rendered":"https:\/\/globalavionique.com\/staging\/?post_type=product&#038;p=1109"},"modified":"2025-01-15T14:12:25","modified_gmt":"2025-01-15T19:12:25","slug":"skysensor-ads-b-receiver","status":"publish","type":"product","link":"https:\/\/globalavionique.com\/staging\/produit\/skysensor-ads-b-receiver\/","title":{"rendered":"SkySensor (ADS-B Receiver)"},"content":{"rendered":"<p>Le skySensor, pour les a\u00e9ronefs exp\u00e9rimentaux et certifi\u00e9s, est la pi\u00e8ce finale d\u2019une installation compl\u00e8te skyBeacon. Le skySensor n\u2019est pas seulement une correspondance esth\u00e9tique pour votre aile droite, il inclut \u00e9galement un r\u00e9cepteur ADS-B dual-band, un capteur de pression statique et un GPS interne. Il permet de recevoir facilement les informations sur le trafic et la m\u00e9t\u00e9o via Wi-Fi vers des applications EFB compatibles avec le protocole GDL90.<\/p>\n<p>Le skySensor capte le trafic ADS-B dual-band ainsi que les informations m\u00e9t\u00e9orologiques en vol sans abonnement, \u00e0 la fois sur les fr\u00e9quences 978 MHz et 1090 MHz, et fournit des positions d\u2019avions en temps r\u00e9el et des superpositions m\u00e9t\u00e9orologiques sur votre application EFB pr\u00e9f\u00e9r\u00e9e prenant en charge le protocole GDL 90, telles que ForeFlight Mobile, FltPlan Go, FlyQ, Wing X, et bien d&rsquo;autres.<\/p>\n<p>Le GPS et l&rsquo;altim\u00e8tre barom\u00e9trique fournissent \u00e0 l\u2019EFB des donn\u00e9es de position et d\u2019altitude barom\u00e9trique, utilis\u00e9es pour des repr\u00e9sentations pr\u00e9cises des positions et altitudes relatives des avions environnants.<\/p>\n<p>Le skySensor est \u00e9quip\u00e9 d\u2019une lumi\u00e8re LED de position extr\u00eamement efficace en vert aviation, avec une consommation d&rsquo;\u00e9nergie d&rsquo;environ un huiti\u00e8me de celle d&rsquo;une lampe \u00e0 incandescence traditionnelle, y compris pour le GPS, l\u2019ADS-B In et le Wi-Fi.<\/p>\n","protected":false},"excerpt":{"rendered":"<p>Le skySensor compl\u00e8te le skyBeacon avec un r\u00e9cepteur ADS-B dual-band, un GPS interne et un capteur de pression statique. Il re\u00e7oit trafic et m\u00e9t\u00e9o via Wi-Fi dans des applications EFB compatibles GDL90. Il capte le trafic sur 978 MHz et 1090 MHz et affiche les donn\u00e9es en temps r\u00e9el, tout en offrant une LED verte de position \u00e0 faible consommation.<\/p>\n","protected":false},"featured_media":1110,"template":"","meta":{"neve_meta_sidebar":"","neve_meta_container":"","neve_meta_enable_content_width":"off","neve_meta_content_width":100,"neve_meta_title_alignment":"","neve_meta_author_avatar":"","neve_post_elements_order":"","neve_meta_disable_header":"","neve_meta_disable_footer":"","neve_meta_disable_title":"","_themeisle_gutenberg_block_has_review":false},"product_brand":[],"product_cat":[45],"product_tag":[58],"class_list":{"0":"post-1109","1":"product","2":"type-product","3":"status-publish","4":"has-post-thumbnail","6":"product_cat-transpondeurs","7":"product_tag-uavionix","9":"first","10":"instock","11":"shipping-taxable","12":"product-type-external"},"jetpack_sharing_enabled":true,"_links":{"self":[{"href":"https:\/\/globalavionique.com\/staging\/wp-json\/wp\/v2\/product\/1109","targetHints":{"allow":["GET"]}}],"collection":[{"href":"https:\/\/globalavionique.com\/staging\/wp-json\/wp\/v2\/product"}],"about":[{"href":"https:\/\/globalavionique.com\/staging\/wp-json\/wp\/v2\/types\/product"}],"wp:featuredmedia":[{"embeddable":true,"href":"https:\/\/globalavionique.com\/staging\/wp-json\/wp\/v2\/media\/1110"}],"wp:attachment":[{"href":"https:\/\/globalavionique.com\/staging\/wp-json\/wp\/v2\/media?parent=1109"}],"wp:term":[{"taxonomy":"product_brand","embeddable":true,"href":"https:\/\/globalavionique.com\/staging\/wp-json\/wp\/v2\/product_brand?post=1109"},{"taxonomy":"product_cat","embeddable":true,"href":"https:\/\/globalavionique.com\/staging\/wp-json\/wp\/v2\/product_cat?post=1109"},{"taxonomy":"product_tag","embeddable":true,"href":"https:\/\/globalavionique.com\/staging\/wp-json\/wp\/v2\/product_tag?post=1109"}],"curies":[{"name":"wp","href":"https:\/\/api.w.org\/{rel}","templated":true}]}}