{"id":1103,"date":"2025-01-08T13:05:50","date_gmt":"2025-01-08T18:05:50","guid":{"rendered":"https:\/\/globalavionique.com\/staging\/?post_type=product&#038;p=1103"},"modified":"2025-01-15T14:13:04","modified_gmt":"2025-01-15T19:13:04","slug":"tailbeacon-ads-b-tranceiver","status":"publish","type":"product","link":"https:\/\/globalavionique.com\/staging\/produit\/tailbeacon-ads-b-tranceiver\/","title":{"rendered":"TailBeacon (ADS-B Tranceiver)"},"content":{"rendered":"<p>Le tailBeacon fonctionne avec n&rsquo;importe quel Transpondeur Mode C existant. La technologie brevet\u00e9e de transcoder de puissance de uAvionix permet une communication fluide avec votre transpondeur h\u00e9ritage via le syst\u00e8me \u00e9lectrique de votre avion.<\/p>\n<p>M\u00eame si vous \u00eates \u00e9quip\u00e9 pour ADS-B, cela ne signifie pas que vous souhaitez \u00eatre suivi. Gr\u00e2ce au Mode Anonyme du tailBeacon, l&rsquo;identification de votre avion reste cach\u00e9e dans le signal ADS-B OUT tout en \u00e9mettant sur le code 1200. Le Mode Anonyme garantit la s\u00e9curit\u00e9 des airs tout en prot\u00e9geant votre vie priv\u00e9e.<\/p>\n<p>Le tailBeacon int\u00e8gre son propre GPS WAAS uAvionix truFYX certifi\u00e9 TSO, vous n&rsquo;avez donc pas besoin d&rsquo;acheter ou d&rsquo;int\u00e9grer un GPS suppl\u00e9mentaire !<\/p>\n<p>Mais le tailBeacon ne se contente pas de r\u00e9pondre \u00e0 la conformit\u00e9 ADS-B. En rempla\u00e7ant votre feu de position arri\u00e8re existant par le tailBeacon, vous b\u00e9n\u00e9ficiez d&rsquo;un feu LED de navigation deux fois plus lumineux, tout en consommant une fraction de l&rsquo;\u00e9nergie. Avec une dur\u00e9e de vie des LEDs estim\u00e9e \u00e0 20 000 heures, vous pouvez voler en toute confiance, sachant que l&rsquo;arri\u00e8re de votre avion est couvert.<\/p>\n","protected":false},"excerpt":{"rendered":"<p>Le tailBeacon de uAvionix remplace le feu de position arri\u00e8re de votre avion, int\u00e9grant un GPS WAAS truFYX certifi\u00e9 TSO et offrant une fonctionnalit\u00e9 ADS-B. Le mode Anonyme prot\u00e8ge votre confidentialit\u00e9 tout en maintenant la s\u00e9curit\u00e9. Plus lumineux et \u00e9conome en \u00e9nergie, le tailBeacon offre une dur\u00e9e de vie LED de 20 000 heures.<\/p>\n","protected":false},"featured_media":1104,"template":"","meta":{"neve_meta_sidebar":"","neve_meta_container":"","neve_meta_enable_content_width":"off","neve_meta_content_width":100,"neve_meta_title_alignment":"","neve_meta_author_avatar":"","neve_post_elements_order":"","neve_meta_disable_header":"","neve_meta_disable_footer":"","neve_meta_disable_title":"","_themeisle_gutenberg_block_has_review":false},"product_brand":[],"product_cat":[45],"product_tag":[58],"class_list":{"0":"post-1103","1":"product","2":"type-product","3":"status-publish","4":"has-post-thumbnail","6":"product_cat-transpondeurs","7":"product_tag-uavionix","9":"first","10":"instock","11":"shipping-taxable","12":"product-type-external"},"jetpack_sharing_enabled":true,"_links":{"self":[{"href":"https:\/\/globalavionique.com\/staging\/wp-json\/wp\/v2\/product\/1103","targetHints":{"allow":["GET"]}}],"collection":[{"href":"https:\/\/globalavionique.com\/staging\/wp-json\/wp\/v2\/product"}],"about":[{"href":"https:\/\/globalavionique.com\/staging\/wp-json\/wp\/v2\/types\/product"}],"wp:featuredmedia":[{"embeddable":true,"href":"https:\/\/globalavionique.com\/staging\/wp-json\/wp\/v2\/media\/1104"}],"wp:attachment":[{"href":"https:\/\/globalavionique.com\/staging\/wp-json\/wp\/v2\/media?parent=1103"}],"wp:term":[{"taxonomy":"product_brand","embeddable":true,"href":"https:\/\/globalavionique.com\/staging\/wp-json\/wp\/v2\/product_brand?post=1103"},{"taxonomy":"product_cat","embeddable":true,"href":"https:\/\/globalavionique.com\/staging\/wp-json\/wp\/v2\/product_cat?post=1103"},{"taxonomy":"product_tag","embeddable":true,"href":"https:\/\/globalavionique.com\/staging\/wp-json\/wp\/v2\/product_tag?post=1103"}],"curies":[{"name":"wp","href":"https:\/\/api.w.org\/{rel}","templated":true}]}}