{"id":1088,"date":"2025-01-08T11:17:28","date_gmt":"2025-01-08T16:17:28","guid":{"rendered":"https:\/\/globalavionique.com\/staging\/?post_type=product&#038;p=1088"},"modified":"2025-01-15T14:14:25","modified_gmt":"2025-01-15T19:14:25","slug":"ty91-ty-92-compact-radio","status":"publish","type":"product","link":"https:\/\/globalavionique.com\/staging\/produit\/ty91-ty-92-compact-radio\/","title":{"rendered":"TY91 \/ TY 92 (Compact Radio)"},"content":{"rendered":"<p>Trig TY91 Radio Compact : La Solution Id\u00e9ale pour les R\u00e9trofits<\/p>\n<p>Le Trig TY91 est la solution id\u00e9ale pour les pilotes \u00e0 la recherche d&rsquo;un radio compact et performant, pouvant s&rsquo;adapter m\u00eame dans les panneaux les plus r\u00e9duits. Certifi\u00e9 EASA ETSO et FAA TSO, ce radio polyvalent est parfait pour les installations en r\u00e9trofit dans les avions o\u00f9 l&rsquo;espace et le poids sont essentiels.<\/p>\n<h4>Caract\u00e9ristiques Principales :<\/h4>\n<ul>\n<li>Compact et L\u00e9ger : Le TY91 occupe un minimum d&rsquo;espace et ajoute un poids n\u00e9gligeable, ce qui le rend id\u00e9al pour les installations o\u00f9 chaque centim\u00e8tre compte.<\/li>\n<li>Push Step : Cette fonctionnalit\u00e9 unique permet la s\u00e9lection de fr\u00e9quence la plus rapide de sa cat\u00e9gorie \u2014 trois fois plus rapide qu&rsquo;un radio classique 8.33. Que ce soit dans un environnement de 25 kHz ou de 50 kHz, le TY91 permet de changer de fr\u00e9quence rapidement et facilement. Cette fonctionnalit\u00e9 peut m\u00eame \u00eatre d\u00e9sactiv\u00e9e pour ceux qui n&rsquo;ont pas besoin de l&rsquo;espacement 8.33, facilitant la s\u00e9lection des fr\u00e9quences.<\/li>\n<li>Dual Watch : Vous pouvez surveiller deux canaux simultan\u00e9ment, offrant ainsi la fonctionnalit\u00e9 de deux radios en une. Cela est parfait pour rester \u00e0 l&rsquo;\u00e9coute de deux fr\u00e9quences en m\u00eame temps.<\/li>\n<li>Compatibilit\u00e9 EFIS : Le TY91 s&rsquo;int\u00e8gre parfaitement avec divers syst\u00e8mes EFIS, permettant le contr\u00f4le \u00e0 distance du radio depuis votre cockpit et l&rsquo;auto-population des fr\u00e9quences en route \u00e0 partir d&rsquo;un GPS connect\u00e9.<\/li>\n<li>Fonction M\u00e9moire : Le radio offre 9 m\u00e9moires de canaux pr\u00e9-r\u00e9gl\u00e9es, vous permettant de passer rapidement entre vos fr\u00e9quences les plus utilis\u00e9es.<\/li>\n<li>Intercom Int\u00e9gr\u00e9 : Un intercom haute qualit\u00e9 \u00e0 deux places, avec r\u00e9glage du gain micro, assure une communication claire, m\u00eame lorsque les casques ne sont pas de la m\u00eame marque. Cela r\u00e9duit le besoin d&rsquo;un syst\u00e8me intercom suppl\u00e9mentaire, \u00e9conomisant \u00e0 la fois du poids et du co\u00fbt.<\/li>\n<li>Affichage Clair et Pr\u00e9cis : Le radio pr\u00e9sente un affichage lumineux et facile \u00e0 lire, avec une interface simple, permettant de se concentrer sur le vol plut\u00f4t que sur la manipulation des commandes.<\/li>\n<\/ul>\n<h4>Pourquoi Choisir le TY91 ?<\/h4>\n<ul>\n<li>Certification Mondiale : Avec des certifications EASA ETSO et FAA TSO, le TY91 peut \u00eatre utilis\u00e9 partout dans le monde, assurant que vous soyez toujours conforme, peu importe votre destination.<\/li>\n<li>Tuning Rapide et Facile : Que vous voliez en VFR ou en IFR, la capacit\u00e9 de r\u00e9glage rapide et pr\u00e9cis du TY91 vous assure de toujours pouvoir communiquer, sans perdre de temps.<\/li>\n<\/ul>\n<h4>Parfait pour les Avions de G\u00e9n\u00e9rale Aviation ou de Formation<\/h4>\n<p>Le TY91 est id\u00e9al pour les avions de g\u00e9n\u00e9rale aviation, les avions l\u00e9gers ou les flottes de formation, offrant un excellent compromis entre performance, design compact et co\u00fbt r\u00e9duit.<\/p>\n","protected":false},"excerpt":{"rendered":"<p>La Trig TY91 est une radio compacte certifi\u00e9e EASA ETSO et FAA TSO, id\u00e9ale pour les espaces r\u00e9duits. Avec la fonction Push Step pour un r\u00e9glage rapide des fr\u00e9quences et Dual Watch pour surveiller deux canaux simultan\u00e9ment, elle offre une performance de haute qualit\u00e9. Compatible avec les syst\u00e8mes EFIS et le GPS, elle permet un contr\u00f4le \u00e0 distance et une s\u00e9lection rapide des fr\u00e9quences. Son intercom int\u00e9gr\u00e9 assure une excellente qualit\u00e9 sonore. Parfaite pour les avions l\u00e9gers et les \u00e9coles de vol.<\/p>\n","protected":false},"featured_media":1089,"template":"","meta":{"neve_meta_sidebar":"","neve_meta_container":"","neve_meta_enable_content_width":"off","neve_meta_content_width":100,"neve_meta_title_alignment":"","neve_meta_author_avatar":"","neve_post_elements_order":"","neve_meta_disable_header":"","neve_meta_disable_footer":"","neve_meta_disable_title":"","_themeisle_gutenberg_block_has_review":false},"product_brand":[],"product_cat":[43],"product_tag":[57],"class_list":{"0":"post-1088","1":"product","2":"type-product","3":"status-publish","4":"has-post-thumbnail","6":"product_cat-radios","7":"product_tag-trig","9":"first","10":"instock","11":"shipping-taxable","12":"product-type-external"},"jetpack_sharing_enabled":true,"_links":{"self":[{"href":"https:\/\/globalavionique.com\/staging\/wp-json\/wp\/v2\/product\/1088","targetHints":{"allow":["GET"]}}],"collection":[{"href":"https:\/\/globalavionique.com\/staging\/wp-json\/wp\/v2\/product"}],"about":[{"href":"https:\/\/globalavionique.com\/staging\/wp-json\/wp\/v2\/types\/product"}],"wp:featuredmedia":[{"embeddable":true,"href":"https:\/\/globalavionique.com\/staging\/wp-json\/wp\/v2\/media\/1089"}],"wp:attachment":[{"href":"https:\/\/globalavionique.com\/staging\/wp-json\/wp\/v2\/media?parent=1088"}],"wp:term":[{"taxonomy":"product_brand","embeddable":true,"href":"https:\/\/globalavionique.com\/staging\/wp-json\/wp\/v2\/product_brand?post=1088"},{"taxonomy":"product_cat","embeddable":true,"href":"https:\/\/globalavionique.com\/staging\/wp-json\/wp\/v2\/product_cat?post=1088"},{"taxonomy":"product_tag","embeddable":true,"href":"https:\/\/globalavionique.com\/staging\/wp-json\/wp\/v2\/product_tag?post=1088"}],"curies":[{"name":"wp","href":"https:\/\/api.w.org\/{rel}","templated":true}]}}