{"id":1076,"date":"2025-01-08T10:51:12","date_gmt":"2025-01-08T15:51:12","guid":{"rendered":"https:\/\/globalavionique.com\/staging\/?post_type=product&#038;p=1076"},"modified":"2025-01-15T14:18:03","modified_gmt":"2025-01-15T19:18:03","slug":"fuel-scan-450","status":"publish","type":"product","link":"https:\/\/globalavionique.com\/staging\/produit\/fuel-scan-450\/","title":{"rendered":"Fuel Scan 450"},"content":{"rendered":"<p>Le FS-450 de JPI a \u00e9t\u00e9 d\u00e9sign\u00e9 Produit de l&rsquo;ann\u00e9e par <em>Aviation Consumer<\/em>. Il est notre premier choix car il offre toutes les options n\u00e9cessaires pour la gestion du carburant.<\/p>\n<p>Le dernier bijou technologique de JPI \u00e9limine les questions li\u00e9es \u00e0 la gestion du carburant, devenues d\u00e9sormais des reliques du pass\u00e9. Install\u00e9 entre la rang\u00e9e sup\u00e9rieure des instruments de vol et le sommet de la pile d\u2019avionique, le FS-450 clignote et affiche les chiffres pour r\u00e9pondre \u00e0 toutes les questions relatives \u00e0 la situation du carburant.<\/p>\n<p>Connect\u00e9 \u00e0 notre Honeywell Skymap IIIC, le FS-450 parcourt joyeusement son inventaire d\u2019informations et me laisse aussi d\u00e9tendu qu\u2019un aviateur heureux \u2014 sans la partie \u00ab\u00a0idiot\u00a0\u00bb, bien entendu. Des informations de qualit\u00e9 lourde \u00e0 un prix l\u00e9ger; que demander de plus ? Bien s\u00fbr, une installation facile serait un plus, et c&rsquo;est quelque chose que JPI a \u00e9galement pris en charge.<\/p>\n<h3>Fonctions du FS-450 :<\/h3>\n<ul>\n<li>Carburant utilis\u00e9 (USD) :<br \/>\nAffiche la quantit\u00e9 de carburant utilis\u00e9e depuis le dernier ravitaillement. Ce nombre augmentera toujours \u00e0 mesure que le carburant est consomm\u00e9. Vous pouvez aussi l&rsquo;afficher sur un vol avec plusieurs arr\u00eats de ravitaillement, et nous verrons plus tard dans cette vid\u00e9o comment proc\u00e9der.<\/li>\n<li>Carburant restant (REM) :<br \/>\nAffiche la quantit\u00e9 totale de carburant restant dans l&rsquo;avion. Seul le carburant restant dans l&rsquo;avion est pris en compte.<\/li>\n<li>Heures et minutes restantes (H.M.) :<br \/>\nBas\u00e9 sur le d\u00e9bit de carburant actuel, il affiche le temps d&rsquo;endurance restant. Ce param\u00e8tre est particuli\u00e8rement utile pendant la croisi\u00e8re. En mont\u00e9e au niveau de la mer, le d\u00e9bit de carburant sera presque deux fois plus \u00e9lev\u00e9 que pendant la croisi\u00e8re, et l&rsquo;indication d&rsquo;endurance sera environ la moiti\u00e9 de la r\u00e9alit\u00e9. En revanche, lors d&rsquo;une descente avec r\u00e9duction de puissance, l&rsquo;endurance indiquera plus de temps que ce qui est r\u00e9ellement disponible en vol \u00e0 puissance de croisi\u00e8re.<\/li>\n<li>Carburant n\u00e9cessaire pour atteindre le waypoint \/ destination (REQ) :<br \/>\nCe param\u00e8tre ne sera affich\u00e9 que si votre EDM re\u00e7oit des donn\u00e9es de vol de votre GPS (fonction standard incluse avec l&rsquo;option de d\u00e9bit de carburant). Il vous indique combien de carburant est n\u00e9cessaire pour atteindre le prochain waypoint ou destination programm\u00e9e sur votre GPS, en fonction du d\u00e9bit de carburant actuel et de votre position.<\/li>\n<li>R\u00e9serve de carburant (RES) :<br \/>\nAffiche la r\u00e9serve de carburant \u00e0 l&rsquo;arriv\u00e9e au prochain waypoint. Ce param\u00e8tre ne sera affich\u00e9 que si votre EDM re\u00e7oit des donn\u00e9es de vol de votre GPS (fonction standard incluse avec l&rsquo;option de d\u00e9bit de carburant). Il vous indique combien de carburant de r\u00e9serve vous aurez \u00e0 l&rsquo;arriv\u00e9e au prochain waypoint ou destination programm\u00e9e sur votre GPS, en fonction du d\u00e9bit de carburant actuel.<\/li>\n<\/ul>\n","protected":false},"excerpt":{"rendered":"<p>Le FS-450 de JPI affiche les informations essentielles sur le carburant : quantit\u00e9 utilis\u00e9e, restante, temps d&rsquo;endurance, carburant n\u00e9cessaire pour la destination, et r\u00e9serve \u00e0 l&rsquo;arriv\u00e9e. Il se connecte au GPS pour des donn\u00e9es pr\u00e9cises et offre une installation facile.<\/p>\n","protected":false},"featured_media":1077,"template":"","meta":{"neve_meta_sidebar":"","neve_meta_container":"","neve_meta_enable_content_width":"off","neve_meta_content_width":100,"neve_meta_title_alignment":"","neve_meta_author_avatar":"","neve_post_elements_order":"","neve_meta_disable_header":"","neve_meta_disable_footer":"","neve_meta_disable_title":"","_themeisle_gutenberg_block_has_review":false},"product_brand":[],"product_cat":[46],"product_tag":[55],"class_list":{"0":"post-1076","1":"product","2":"type-product","3":"status-publish","4":"has-post-thumbnail","6":"product_cat-instruments","7":"product_tag-jpinstruments","9":"first","10":"instock","11":"shipping-taxable","12":"product-type-external"},"jetpack_sharing_enabled":true,"_links":{"self":[{"href":"https:\/\/globalavionique.com\/staging\/wp-json\/wp\/v2\/product\/1076","targetHints":{"allow":["GET"]}}],"collection":[{"href":"https:\/\/globalavionique.com\/staging\/wp-json\/wp\/v2\/product"}],"about":[{"href":"https:\/\/globalavionique.com\/staging\/wp-json\/wp\/v2\/types\/product"}],"wp:featuredmedia":[{"embeddable":true,"href":"https:\/\/globalavionique.com\/staging\/wp-json\/wp\/v2\/media\/1077"}],"wp:attachment":[{"href":"https:\/\/globalavionique.com\/staging\/wp-json\/wp\/v2\/media?parent=1076"}],"wp:term":[{"taxonomy":"product_brand","embeddable":true,"href":"https:\/\/globalavionique.com\/staging\/wp-json\/wp\/v2\/product_brand?post=1076"},{"taxonomy":"product_cat","embeddable":true,"href":"https:\/\/globalavionique.com\/staging\/wp-json\/wp\/v2\/product_cat?post=1076"},{"taxonomy":"product_tag","embeddable":true,"href":"https:\/\/globalavionique.com\/staging\/wp-json\/wp\/v2\/product_tag?post=1076"}],"curies":[{"name":"wp","href":"https:\/\/api.w.org\/{rel}","templated":true}]}}