{"id":1051,"date":"2025-01-07T15:41:17","date_gmt":"2025-01-07T20:41:17","guid":{"rendered":"https:\/\/globalavionique.com\/staging\/?post_type=product&#038;p=1051"},"modified":"2025-01-15T14:20:56","modified_gmt":"2025-01-15T19:20:56","slug":"e5-dual-electronic-flight-instrument","status":"publish","type":"product","link":"https:\/\/globalavionique.com\/staging\/produit\/e5-dual-electronic-flight-instrument\/","title":{"rendered":"E5 (Dual electronic flight instrument)"},"content":{"rendered":"<p><strong>L&rsquo;Evolution E5 : Un Rempla\u00e7ant Facile \u00e0 Installer avec des Fonctionnalit\u00e9s Avanc\u00e9es<\/strong><\/p>\n<p>L&rsquo;Evolution E5 est un remplacement facile \u00e0 installer qui vous offre des fonctionnalit\u00e9s avanc\u00e9es avec des mises \u00e0 jour simples et abordables, vous permettant d&rsquo;ajouter des capacit\u00e9s suppl\u00e9mentaires et de profiter des technologies futures sans remplacer votre affichage existant.<\/p>\n<p><strong>Performance polyvalente<\/strong> \u2013 Affiche les informations d&rsquo;attitude avec l&rsquo;altitude, la vitesse, la vitesse verticale et le HSI sur un seul \u00e9cran avec batterie de secours. Inclut la commande GPS (GPSS) et le syst\u00e8me de r\u00e9f\u00e9rence d&rsquo;attitude et de direction (ADAHRS).<\/p>\n<p><strong>Nouvelles fonctionnalit\u00e9s avanc\u00e9es<\/strong> \u2013 Lib\u00e9rez toute la puissance de l&rsquo;E5 avec des fonctionnalit\u00e9s standard telles que le HSI et, en option, la vitesse vraie, la temp\u00e9rature ext\u00e9rieure, les vents et les annonces GPS gr\u00e2ce \u00e0 une simple mise \u00e0 jour logicielle.<\/p>\n<p><strong>Options d&rsquo;installation flexibles<\/strong> \u2013 L&rsquo;E5 est homologu\u00e9 pour les vols IFR lorsqu&rsquo;il est install\u00e9 avec un GPS IFR mont\u00e9 en panneau. Lorsqu&rsquo;il est install\u00e9 sans un GPS mont\u00e9 en panneau, l&rsquo;E5 est homologu\u00e9 pour les vols VFR uniquement.<\/p>\n<p><strong>Fiabilit\u00e9<\/strong> \u2013 Avec des \u00e9lectroniques repens\u00e9es et un nouveau verre, l&rsquo;Evolution E5 offre un affichage plus audacieux et plus lumineux tout en offrant une fiabilit\u00e9 accrue, plus de fonctionnalit\u00e9s et une vitesse de traitement am\u00e9lior\u00e9e, le tout en conservant le design unique du facteur de forme d&rsquo;Aspen, ce qui r\u00e9duit les co\u00fbts d&rsquo;installation.<\/p>\n<p><strong>Pilote automatique<\/strong> \u2013 S&rsquo;int\u00e8gre avec le pilote automatique Bendix\/King AeroCruze 100 et est compatible avec la plupart des pilotes automatiques h\u00e9rit\u00e9s (un ACU et un EA100 peuvent \u00eatre n\u00e9cessaires en fonction du type de pilote automatique).<\/p>\n","protected":false},"excerpt":{"rendered":"<p>L&rsquo;Evolution E5 est un remplacement facile \u00e0 installer, offrant des fonctionnalit\u00e9s avanc\u00e9es comme l&rsquo;affichage de l&rsquo;attitude, de la vitesse et du HSI. Il est compatible avec les avioniques existantes, homologu\u00e9 IFR avec GPS mont\u00e9 en panneau, et offre une meilleure fiabilit\u00e9. Abordable et facilement upgradable vers le Pro MAX, il am\u00e9liore la s\u00e9curit\u00e9 et la valeur de votre a\u00e9ronef.<\/p>\n","protected":false},"featured_media":1052,"template":"","meta":{"neve_meta_sidebar":"","neve_meta_container":"","neve_meta_enable_content_width":"off","neve_meta_content_width":100,"neve_meta_title_alignment":"","neve_meta_author_avatar":"","neve_post_elements_order":"","neve_meta_disable_header":"","neve_meta_disable_footer":"","neve_meta_disable_title":"","_themeisle_gutenberg_block_has_review":false},"product_brand":[],"product_cat":[46],"product_tag":[52],"class_list":{"0":"post-1051","1":"product","2":"type-product","3":"status-publish","4":"has-post-thumbnail","6":"product_cat-instruments","7":"product_tag-aspenavionics","9":"first","10":"instock","11":"shipping-taxable","12":"product-type-external"},"jetpack_sharing_enabled":true,"_links":{"self":[{"href":"https:\/\/globalavionique.com\/staging\/wp-json\/wp\/v2\/product\/1051","targetHints":{"allow":["GET"]}}],"collection":[{"href":"https:\/\/globalavionique.com\/staging\/wp-json\/wp\/v2\/product"}],"about":[{"href":"https:\/\/globalavionique.com\/staging\/wp-json\/wp\/v2\/types\/product"}],"wp:featuredmedia":[{"embeddable":true,"href":"https:\/\/globalavionique.com\/staging\/wp-json\/wp\/v2\/media\/1052"}],"wp:attachment":[{"href":"https:\/\/globalavionique.com\/staging\/wp-json\/wp\/v2\/media?parent=1051"}],"wp:term":[{"taxonomy":"product_brand","embeddable":true,"href":"https:\/\/globalavionique.com\/staging\/wp-json\/wp\/v2\/product_brand?post=1051"},{"taxonomy":"product_cat","embeddable":true,"href":"https:\/\/globalavionique.com\/staging\/wp-json\/wp\/v2\/product_cat?post=1051"},{"taxonomy":"product_tag","embeddable":true,"href":"https:\/\/globalavionique.com\/staging\/wp-json\/wp\/v2\/product_tag?post=1051"}],"curies":[{"name":"wp","href":"https:\/\/api.w.org\/{rel}","templated":true}]}}