{"id":1036,"date":"2025-01-07T14:53:46","date_gmt":"2025-01-07T19:53:46","guid":{"rendered":"https:\/\/globalavionique.com\/staging\/?post_type=product&#038;p=1036"},"modified":"2025-01-15T14:22:22","modified_gmt":"2025-01-15T19:22:22","slug":"vantage-flight-display","status":"publish","type":"product","link":"https:\/\/globalavionique.com\/staging\/produit\/vantage-flight-display\/","title":{"rendered":"Vantage (Flight display)"},"content":{"rendered":"<p><strong>Grand \u00c9cran et Facilit\u00e9 d&rsquo;Utilisation pour une Conscience Situationnelle In\u00e9gal\u00e9e dans les Avions Cirrus<\/strong><\/p>\n<p>Rien ne surpasse le nouveau syst\u00e8me d&rsquo;affichage de vol Vantage\u2122 d&rsquo;Avidyne, avec ses \u00e9normes \u00e9crans doubles de 12 pouces qui sont facilement lisibles, m\u00eame sous la lumi\u00e8re la plus intense. De plus, nous avons am\u00e9lior\u00e9 la performance du processeur pour que vous ayez une r\u00e9ponse quasi instantan\u00e9e \u00e0 vos commandes et vous ne devrez jamais attendre que les donn\u00e9es entrantes se mettent \u00e0 jour sur les \u00e9crans de vision synth\u00e9tique 3D. Vous verrez le terrain \u00e0 proximit\u00e9, le trafic, les obstacles, les a\u00e9roports et m\u00eame votre plan de vol superpos\u00e9, le tout se mettant \u00e0 jour en continu et instantan\u00e9ment.<\/p>\n<p>Vous m\u00e9ritez d&rsquo;avoir le syst\u00e8me d&rsquo;affichage de vol le plus facile et le plus intuitif comme partie int\u00e9grante de votre cockpit. C&rsquo;est pourquoi nous avons con\u00e7u le Vantage\u2122 avec notre syst\u00e8me d&rsquo;entr\u00e9e le plus simple jamais cr\u00e9\u00e9 : l&rsquo;interface utilisateur Hybrid Touch d&rsquo;Avidyne, qui vous permet d&rsquo;utiliser n&rsquo;importe quelle combinaison de commandes tactiles ou de boutons et molettes d\u00e9di\u00e9s.<\/p>\n<p>De plus, nous avons con\u00e7u le Vantage\u2122 pour des applications tant neuves que de retrofit, de sorte que que vous choisissiez des \u00e9quipements pour un nouvel avion ou pour r\u00e9nover votre cockpit actuel, le syst\u00e8me d&rsquo;affichage de vol Vantage\u2122 devient un choix \u00e9vident.<\/p>\n","protected":false},"excerpt":{"rendered":"<p>Le syst\u00e8me Vantage\u2122 d&rsquo;Avidyne pour avions Cirrus propose deux \u00e9crans de 12 pouces, avec mises \u00e0 jour instantan\u00e9es du terrain, trafic et plan de vol. Son interface Hybrid Touch permet une utilisation facile, et il est adapt\u00e9 tant pour les avions neufs que les r\u00e9novations.<\/p>\n","protected":false},"featured_media":1037,"template":"","meta":{"neve_meta_sidebar":"","neve_meta_container":"","neve_meta_enable_content_width":"off","neve_meta_content_width":100,"neve_meta_title_alignment":"","neve_meta_author_avatar":"","neve_post_elements_order":"","neve_meta_disable_header":"","neve_meta_disable_footer":"","neve_meta_disable_title":"","_themeisle_gutenberg_block_has_review":false},"product_brand":[],"product_cat":[46],"product_tag":[53],"class_list":{"0":"post-1036","1":"product","2":"type-product","3":"status-publish","4":"has-post-thumbnail","6":"product_cat-instruments","7":"product_tag-avidyne","9":"first","10":"instock","11":"shipping-taxable","12":"product-type-external"},"jetpack_sharing_enabled":true,"_links":{"self":[{"href":"https:\/\/globalavionique.com\/staging\/wp-json\/wp\/v2\/product\/1036","targetHints":{"allow":["GET"]}}],"collection":[{"href":"https:\/\/globalavionique.com\/staging\/wp-json\/wp\/v2\/product"}],"about":[{"href":"https:\/\/globalavionique.com\/staging\/wp-json\/wp\/v2\/types\/product"}],"wp:featuredmedia":[{"embeddable":true,"href":"https:\/\/globalavionique.com\/staging\/wp-json\/wp\/v2\/media\/1037"}],"wp:attachment":[{"href":"https:\/\/globalavionique.com\/staging\/wp-json\/wp\/v2\/media?parent=1036"}],"wp:term":[{"taxonomy":"product_brand","embeddable":true,"href":"https:\/\/globalavionique.com\/staging\/wp-json\/wp\/v2\/product_brand?post=1036"},{"taxonomy":"product_cat","embeddable":true,"href":"https:\/\/globalavionique.com\/staging\/wp-json\/wp\/v2\/product_cat?post=1036"},{"taxonomy":"product_tag","embeddable":true,"href":"https:\/\/globalavionique.com\/staging\/wp-json\/wp\/v2\/product_tag?post=1036"}],"curies":[{"name":"wp","href":"https:\/\/api.w.org\/{rel}","templated":true}]}}