{"id":323,"date":"2024-11-14T12:00:03","date_gmt":"2024-11-14T17:00:03","guid":{"rendered":"https:\/\/demosites.io\/one-page\/?page_id=8"},"modified":"2025-01-27T14:15:33","modified_gmt":"2025-01-27T19:15:33","slug":"accueil","status":"publish","type":"page","link":"https:\/\/globalavionique.com\/staging\/","title":{"rendered":"Accueil"},"content":{"rendered":"<section id=\"services\" class=\"wp-block-themeisle-blocks-advanced-columns alignfull has-1-columns has-desktop-equal-layout has-tablet-equal-layout has-mobile-equal-layout has-vertical-flex-start\"><div class=\"wp-block-themeisle-blocks-advanced-columns-overlay\"><\/div><div class=\"innerblocks-wrap\"><div id=\"wp-block-themeisle-blocks-advanced-column-9642dc3f\" class=\"wp-block-themeisle-blocks-advanced-column\"><section id=\"wp-block-themeisle-blocks-advanced-columns-62d68e08\" class=\"wp-block-themeisle-blocks-advanced-columns has-1-columns has-desktop-equal-layout has-tablet-equal-layout has-mobile-equal-layout has-vertical-center\"><div class=\"wp-block-themeisle-blocks-advanced-columns-overlay\"><\/div><div class=\"innerblocks-wrap\"><div id=\"wp-block-themeisle-blocks-advanced-column-ba020b38\" class=\"wp-block-themeisle-blocks-advanced-column\"><h1 id=\"wp-block-themeisle-blocks-advanced-heading-3041d7bf\" class=\"wp-block-themeisle-blocks-advanced-heading wp-block-themeisle-blocks-advanced-heading-3041d7bf\">Bienvenue sur le site de <br>Global Avionique<\/h1>\n\n<div id=\"wp-block-themeisle-blocks-button-group-6cc0b943\" class=\"wp-block-themeisle-blocks-button-group collapse-mobile wp-block-buttons align-center-desktop\"><div id=\"wp-block-themeisle-blocks-button-20025083\" class=\"wp-block-themeisle-blocks-button wp-block-button\"><a href=\"https:\/\/globalavionique.com\/staging\/nos-services\" target=\"_self\" rel=\"noopener noreferrer\" class=\"wp-block-button__link\"><span>Nos services<\/span><\/a><\/div>\n\n<div id=\"wp-block-themeisle-blocks-button-8551c99a\" class=\"wp-block-themeisle-blocks-button wp-block-button\"><a href=\"https:\/\/globalavionique.com\/staging\/contact\/\" target=\"_self\" rel=\"noopener noreferrer\" class=\"wp-block-button__link\"><span>Contactez-nous<\/span><\/a><\/div>\n\n<div id=\"wp-block-themeisle-blocks-button-523d0fed\" class=\"wp-block-themeisle-blocks-button wp-block-button\"><a href=\"https:\/\/globalavionique.com\/staging\/boutique\/\" target=\"_self\" rel=\"noopener noreferrer\" class=\"wp-block-button__link\"><span>\u00c9quipements offerts<\/span><\/a><\/div><\/div><\/div><\/div><\/section><\/div><\/div><\/section><div id=\"wp-block-themeisle-blocks-advanced-columns-b413d8dc\" class=\"wp-block-themeisle-blocks-advanced-columns alignfull has-2-columns has-desktop-equal-layout has-tablet-equal-layout has-mobile-collapsedRows-layout has-vertical-unset has-light-bg\"><div class=\"wp-block-themeisle-blocks-advanced-columns-overlay\"><\/div><div class=\"innerblocks-wrap\"><div id=\"wp-block-themeisle-blocks-advanced-column-64136abe\" class=\"wp-block-themeisle-blocks-advanced-column animated fadeInLeft\"><div style=\"height:250px\" aria-hidden=\"true\" class=\"wp-block-spacer\"><\/div><\/div>\n\n<div id=\"wp-block-themeisle-blocks-advanced-column-28c3d287\" class=\"wp-block-themeisle-blocks-advanced-column animated fadeInLeft\"><span id=\"wp-block-themeisle-blocks-advanced-heading-a02f8e43\" class=\"wp-block-themeisle-blocks-advanced-heading wp-block-themeisle-blocks-advanced-heading-a02f8e43\"> <strong>QUI SOMMES-NOUS?<\/strong> <\/span>\n\n<h2 id=\"wp-block-themeisle-blocks-advanced-heading-01173edc\" class=\"wp-block-themeisle-blocks-advanced-heading wp-block-themeisle-blocks-advanced-heading-01173edc\"><strong>Global Avionique est un OMA <strong>(23-20)<\/strong> offrant des services sp\u00e9cialis\u00e9s et bas\u00e9 \u00e0 Qu\u00e9bec, Trois-Rivi\u00e8res et sur la rive-sud de Montr\u00e9al <\/strong><\/h2>\n\n<p class=\"has-text-color has-link-color wp-elements-e4993c832e26fb6463e754e733464125\" style=\"color:#013766;font-size:17px\">Nous offrons nos services pour la client\u00e8le suivante:<\/p>\n\n<ul style=\"color:#022d7b\" class=\"wp-block-list has-text-color has-link-color wp-elements-00b01ea6c5e3dc419e6c18fc7a01a137\"><li class=\"has-text-color has-link-color wp-elements-5fa715ce0f41aee354090698daa42c53\" style=\"color:#013766;font-size:17px\">Exploitants commerciaux (op\u00e9rant sous les parties 702, 703, 704 du RAC)<\/li>\n\n<li class=\"has-text-color has-link-color wp-elements-366af7de0ed759293f4c36ab44a158ec\" style=\"color:#013766;font-size:17px\">Exploitants priv\u00e9s (op\u00e9rant sous la partie 604 du RAC)<\/li>\n\n<li class=\"has-text-color has-link-color wp-elements-99cbe51c9d347109cf824a5986f91085\" style=\"color:#013766;font-size:17px\">Propri\u00e9taires priv\u00e9s<\/li><\/ul><\/div><\/div><\/div><section id=\"wp-block-themeisle-blocks-advanced-columns-dab9e0bf\" class=\"wp-block-themeisle-blocks-advanced-columns alignfull has-1-columns has-desktop-equal-layout has-tablet-equal-layout has-mobile-equal-layout has-vertical-flex-start has-dark-bg\"><div class=\"wp-block-themeisle-blocks-advanced-columns-overlay\"><\/div><div class=\"innerblocks-wrap\"><div id=\"wp-block-themeisle-blocks-advanced-column-9df22226\" class=\"wp-block-themeisle-blocks-advanced-column\"><section id=\"wp-block-themeisle-blocks-advanced-columns-25c95699\" class=\"wp-block-themeisle-blocks-advanced-columns has-1-columns has-desktop-equal-layout has-tablet-equal-layout has-mobile-equal-layout has-vertical-flex-start\"><div class=\"wp-block-themeisle-blocks-advanced-columns-overlay\"><\/div><div class=\"innerblocks-wrap\"><div id=\"wp-block-themeisle-blocks-advanced-column-d4d9a4f8\" class=\"wp-block-themeisle-blocks-advanced-column\"><span id=\"wp-block-themeisle-blocks-advanced-heading-e24ff7e0\" class=\"wp-block-themeisle-blocks-advanced-heading wp-block-themeisle-blocks-advanced-heading-e24ff7e0\"> <strong>GLOBAL AVIONIQUE<\/strong> <\/span>\n\n<h3 id=\"wp-block-themeisle-blocks-advanced-heading-95ebc862\" class=\"wp-block-themeisle-blocks-advanced-heading wp-block-themeisle-blocks-advanced-heading-95ebc862\"><strong>En quoi sommes-nous diff\u00e9rents ?<\/strong> <\/h3><\/div><\/div><\/section>\n\n<section id=\"wp-block-themeisle-blocks-advanced-columns-b56443a0\" class=\"wp-block-themeisle-blocks-advanced-columns has-3-columns has-desktop-equal-layout has-tablet-equal-layout has-mobile-collapsedRows-layout has-vertical-flex-start\"><div class=\"wp-block-themeisle-blocks-advanced-columns-overlay\"><\/div><div class=\"innerblocks-wrap\"><div id=\"wp-block-themeisle-blocks-advanced-column-1bb9ffb4\" class=\"wp-block-themeisle-blocks-advanced-column\"><div id=\"wp-block-themeisle-blocks-font-awesome-icons-3b094a56\" class=\"wp-block-themeisle-blocks-font-awesome-icons\"><span class=\"wp-block-themeisle-blocks-font-awesome-icons-container nan-padding\"><i class=\"fas fa-certificate\"><\/i><\/span><\/div>\n\n<h3 id=\"wp-block-themeisle-blocks-advanced-heading-1ff71b4f\" class=\"wp-block-themeisle-blocks-advanced-heading wp-block-themeisle-blocks-advanced-heading-1ff71b4f\"><strong>Un OMA exp\u00e9riment\u00e9<\/strong><\/h3>\n\n<p class=\"has-text-align-center has-nv-text-dark-bg-color has-text-color\" style=\"font-size:17px\">Nous nous d\u00e9marquons par notre expertise et notre rigueur en mati\u00e8re de maintenance a\u00e9ronautique. En tant qu&rsquo;OMA, nous veillons \u00e0 respecter les normes les plus strictes de l&rsquo;industrie. Gr\u00e2ce \u00e0 notre exp\u00e9rience et \u00e0 une \u00e9quipe de professionnels qualifi\u00e9s, nous offrons des services sp\u00e9cialis\u00e9s uniques, adapt\u00e9s \u00e0 un large \u00e9ventail d\u2019a\u00e9ronefs.<\/p><\/div>\n\n<div id=\"wp-block-themeisle-blocks-advanced-column-8b65f759\" class=\"wp-block-themeisle-blocks-advanced-column\"><div id=\"wp-block-themeisle-blocks-font-awesome-icons-63c04eae\" class=\"wp-block-themeisle-blocks-font-awesome-icons\"><span class=\"wp-block-themeisle-blocks-font-awesome-icons-container nan-padding\"><i class=\"fas fa-book\"><\/i><\/span><\/div>\n\n<h3 id=\"wp-block-themeisle-blocks-advanced-heading-80afbca8\" class=\"wp-block-themeisle-blocks-advanced-heading wp-block-themeisle-blocks-advanced-heading-80afbca8\"><strong>Distributeur de r\u00e9f\u00e9rence<\/strong><\/h3>\n\n<p class=\"has-text-align-center has-nv-text-dark-bg-color has-text-color\" style=\"font-size:17px\">En tant que distributeur autoris\u00e9 de plusieurs manufacturiers, Global Avionique peut offrir une large gamme d&rsquo;\u00e9quipements a\u00e9ronautiques de qualit\u00e9, provenant des meilleures marques de l&rsquo;industrie. Nous garantissons fiabilit\u00e9 et expertise pour r\u00e9pondre \u00e0 tous vos besoins techniques.<\/p><\/div>\n\n<div id=\"wp-block-themeisle-blocks-advanced-column-e0a218d6\" class=\"wp-block-themeisle-blocks-advanced-column\"><div id=\"wp-block-themeisle-blocks-font-awesome-icons-e74cae3d\" class=\"wp-block-themeisle-blocks-font-awesome-icons\"><span class=\"wp-block-themeisle-blocks-font-awesome-icons-container nan-padding\"><i class=\"fas fa-home\"><\/i><\/span><\/div>\n\n<h3 id=\"wp-block-themeisle-blocks-advanced-heading-b6b0712b\" class=\"wp-block-themeisle-blocks-advanced-heading wp-block-themeisle-blocks-advanced-heading-b6b0712b\"><strong>Service de maintenance mobile<\/strong><\/h3>\n\n<p class=\"has-text-align-center has-nv-text-dark-bg-color has-text-color\" style=\"font-size:17px\">Global Avionique met \u00e0 disposition ses services de maintenance directement dans les hangars de ses clients, garantissant ainsi des interventions rapides et efficaces sur site. Cette approche pratique permet de minimiser les d\u00e9lais d&rsquo;immobilisation des a\u00e9ronefs, consolidant ainsi notre position de leader incontournable dans la r\u00e9gion.<\/p><\/div><\/div><\/section><\/div><\/div><\/section><div id=\"wp-block-themeisle-blocks-advanced-columns-2ad7ba0a\" class=\"wp-block-themeisle-blocks-advanced-columns alignfull has-1-columns has-desktop-equal-layout has-tablet-equal-layout has-mobile-collapsedRows-layout has-vertical-center ticss-c00aadba\"><div class=\"wp-block-themeisle-blocks-advanced-columns-overlay\"><\/div><div class=\"innerblocks-wrap\"><div id=\"wp-block-themeisle-blocks-advanced-column-ead1ae28\" class=\"wp-block-themeisle-blocks-advanced-column\"><div id=\"wp-block-themeisle-blocks-advanced-columns-0227cef7\" class=\"wp-block-themeisle-blocks-advanced-columns has-1-columns has-desktop-equal-layout has-tablet-equal-layout has-mobile-equal-layout has-vertical-center\"><div class=\"wp-block-themeisle-blocks-advanced-columns-overlay\"><\/div><div class=\"innerblocks-wrap\"><div id=\"wp-block-themeisle-blocks-advanced-column-1866137f\" class=\"wp-block-themeisle-blocks-advanced-column\"><figure class=\"wp-block-gallery has-nested-images columns-default is-cropped wp-block-gallery-1 is-layout-flex wp-block-gallery-is-layout-flex\"><figure class=\"wp-block-image size-full\"><img loading=\"lazy\" decoding=\"async\" width=\"480\" height=\"360\" data-id=\"573\" src=\"https:\/\/globalavionique.com\/staging\/wp-content\/uploads\/2024\/11\/IMG_3174.jpg\" alt=\"\" class=\"wp-image-573\" srcset=\"https:\/\/globalavionique.com\/staging\/wp-content\/uploads\/2024\/11\/IMG_3174.jpg 480w, https:\/\/globalavionique.com\/staging\/wp-content\/uploads\/2024\/11\/IMG_3174-300x225.jpg 300w\" sizes=\"auto, (max-width: 480px) 100vw, 480px\" \/><\/figure>\n\n<figure class=\"wp-block-image size-large\"><img loading=\"lazy\" decoding=\"async\" width=\"1024\" height=\"768\" data-id=\"794\" src=\"https:\/\/globalavionique.com\/staging\/wp-content\/uploads\/2024\/11\/IMG_8164-1024x768.jpg\" alt=\"\" class=\"wp-image-794\" srcset=\"https:\/\/globalavionique.com\/staging\/wp-content\/uploads\/2024\/11\/IMG_8164-1024x768.jpg 1024w, https:\/\/globalavionique.com\/staging\/wp-content\/uploads\/2024\/11\/IMG_8164-scaled-600x450.jpg 600w, https:\/\/globalavionique.com\/staging\/wp-content\/uploads\/2024\/11\/IMG_8164-300x225.jpg 300w, https:\/\/globalavionique.com\/staging\/wp-content\/uploads\/2024\/11\/IMG_8164-768x576.jpg 768w, https:\/\/globalavionique.com\/staging\/wp-content\/uploads\/2024\/11\/IMG_8164-1536x1152.jpg 1536w, https:\/\/globalavionique.com\/staging\/wp-content\/uploads\/2024\/11\/IMG_8164-2048x1536.jpg 2048w\" sizes=\"auto, (max-width: 1024px) 100vw, 1024px\" \/><\/figure>\n\n<figure class=\"wp-block-image size-large\"><img loading=\"lazy\" decoding=\"async\" width=\"1024\" height=\"768\" data-id=\"1211\" src=\"https:\/\/globalavionique.com\/staging\/wp-content\/uploads\/2025\/01\/openart-e69ea659-913c-459d-be15-ea551607e07b-1024x768.png\" alt=\"\" class=\"wp-image-1211\" srcset=\"https:\/\/globalavionique.com\/staging\/wp-content\/uploads\/2025\/01\/openart-e69ea659-913c-459d-be15-ea551607e07b-1024x768.png 1024w, https:\/\/globalavionique.com\/staging\/wp-content\/uploads\/2025\/01\/openart-e69ea659-913c-459d-be15-ea551607e07b-300x225.png 300w, https:\/\/globalavionique.com\/staging\/wp-content\/uploads\/2025\/01\/openart-e69ea659-913c-459d-be15-ea551607e07b-768x576.png 768w, https:\/\/globalavionique.com\/staging\/wp-content\/uploads\/2025\/01\/openart-e69ea659-913c-459d-be15-ea551607e07b-1536x1152.png 1536w, https:\/\/globalavionique.com\/staging\/wp-content\/uploads\/2025\/01\/openart-e69ea659-913c-459d-be15-ea551607e07b-16x12.png 16w, https:\/\/globalavionique.com\/staging\/wp-content\/uploads\/2025\/01\/openart-e69ea659-913c-459d-be15-ea551607e07b-600x450.png 600w, https:\/\/globalavionique.com\/staging\/wp-content\/uploads\/2025\/01\/openart-e69ea659-913c-459d-be15-ea551607e07b.png 2048w\" sizes=\"auto, (max-width: 1024px) 100vw, 1024px\" \/><\/figure><\/figure><\/div><\/div><\/div><\/div><\/div><\/div><div id=\"wp-block-themeisle-blocks-advanced-columns-5214def4\" class=\"wp-block-themeisle-blocks-advanced-columns alignfull has-2-columns has-desktop-equal-layout has-tablet-equal-layout has-mobile-collapsedRows-layout has-vertical-unset has-dark-bg\"><div class=\"wp-block-themeisle-blocks-advanced-columns-overlay\"><\/div><div class=\"innerblocks-wrap\"><div id=\"wp-block-themeisle-blocks-advanced-column-24e2ac6a\" class=\"wp-block-themeisle-blocks-advanced-column\"><h3 id=\"wp-block-themeisle-blocks-advanced-heading-f26fb0e0\" class=\"wp-block-themeisle-blocks-advanced-heading wp-block-themeisle-blocks-advanced-heading-f26fb0e0 animated fadeIn\">Not<strong>re filiale Global Air Services<\/strong><\/h3>\n\n<div id=\"wp-block-themeisle-blocks-icon-list-aee37b52\" class=\"wp-block-themeisle-blocks-icon-list\"><div id=\"wp-block-themeisle-blocks-icon-list-item-2c738f3e\" class=\"wp-block-themeisle-blocks-icon-list-item animated fadeIn\"><i class=\"fas fa-check wp-block-themeisle-blocks-icon-list-item-icon-custom\"><\/i><p class=\"wp-block-themeisle-blocks-icon-list-item-content-custom\"><strong>Services de maintenance<\/strong><\/p><\/div>\n\n<div id=\"wp-block-themeisle-blocks-icon-list-item-f372c3c8\" class=\"wp-block-themeisle-blocks-icon-list-item animated fadeIn\"><i class=\"fas fa-check wp-block-themeisle-blocks-icon-list-item-icon\"><\/i><p class=\"wp-block-themeisle-blocks-icon-list-item-content-custom\"><strong>Inspections pr\u00e9-achat<\/strong><\/p><\/div><\/div><\/div>\n\n<div id=\"wp-block-themeisle-blocks-advanced-column-cdb7859e\" class=\"wp-block-themeisle-blocks-advanced-column\"><div id=\"wp-block-themeisle-blocks-button-group-bf6f2968\" class=\"wp-block-themeisle-blocks-button-group wp-block-buttons align-center-desktop align-full-mobile\"><div id=\"wp-block-themeisle-blocks-button-948ef846\" class=\"wp-block-themeisle-blocks-button wp-block-button  is-style-outline\"><a href=\"https:\/\/globalairservices.ca\/\" target=\"_blank\" rel=\"noopener noreferrer\" class=\"wp-block-button__link\"><svg xmlns=\"http:\/\/www.w3.org\/2000\/svg\" viewBox=\"0 0 1800 1800\" class=\"margin-right\"><path d=\"M386.031,992.783c-36.026-8.398-72.354-12.654-107.972-12.654c-140.65,0-250.633,66.393-273.68,165.215 c-1.902,8.152-0.486,16.732,3.936,23.842c4.422,7.112,11.486,12.173,19.642,14.076l297.505,69.352 c2.37,0.551,4.774,0.824,7.168,0.824c5.844,0,11.627-1.626,16.673-4.762c7.111-4.422,12.174-11.486,14.074-19.644l46.233-198.335 C413.567,1013.718,403.01,996.743,386.031,992.783z M309.05,1183.953l-231.384-53.941c30.558-52.924,106.292-86.74,200.393-86.74 c20.648,0,41.61,1.66,62.629,4.959L309.05,1183.953z\"><\/path><path d=\"M769.296,1390.383l-198.337,46.234c-8.152,1.902-15.22,6.963-19.642,14.076 c-4.422,7.108-5.838,15.684-3.938,23.841l69.361,297.505c1.903,8.152,6.965,15.218,14.077,19.64 c5.045,3.136,10.826,4.761,16.67,4.761c2.396,0,4.801-0.272,7.17-0.823c63.591-14.834,114.127-64.375,142.315-139.501 c26.523-70.695,30.157-156.691,10.236-242.15C803.25,1396.986,786.289,1386.428,769.296,1390.383z M669.966,1722.238 l-53.923-231.293l135.68-31.629C769.719,1575.854,735.418,1683.973,669.966,1722.238z\"><\/path><path d=\"M1749.964,50.705l-0.669-0.67C1717.513,19.196,1674.71,3.56,1622.073,3.56 c-141.686,0-344.219,115.18-542.012,300.716c-155.688-31.738-309.056-47.237-468.317-47.237 c-143.357,0-276.743,12.425-388.313,24.576c-13.887,1.516-25.129,11.972-27.64,25.713c-2.509,13.742,4.31,27.501,16.765,33.822 l575.578,292.233C677.958,774.113,589.367,902.18,528.54,1009.066c-96.224,169.086-117.785,276.479-65.928,328.311 c18.338,18.348,43.994,27.654,76.256,27.654c147.394,0,431.964-200.379,627.669-353.3l292.295,575.701 c5.453,10.733,16.42,17.278,28.145,17.278c1.876,0,3.779-0.167,5.682-0.516c13.742-2.506,24.198-13.75,25.713-27.637 c25.651-235.5,46.965-514.956-22.718-856.867c178.449-190.738,293.079-387.342,300.407-527.416 C1799.153,133.046,1783.649,85.412,1749.964,50.705z M825.871,581.728l-488.63-248.087c84.415-7.585,177.287-13.46,274.503-13.46 c140.48,0,276.26,12.367,413.262,37.684c-43.568,43.996-86.608,91.237-128.396,141.263c-13.574,16.305-26.884,32.478-39.965,48.533 L825.871,581.728z M1466.412,1462.885l-248.149-488.758l34.531-31.193c17.613-14.331,33.772-27.65,48.113-39.586 c49.902-41.688,97.145-84.785,141.197-128.521C1491.223,1040.145,1484.836,1261.03,1466.412,1462.885z M1733.003,188.981 c-6.84,130.833-127.706,327.336-309.389,514.582l-211.918,191.412c-309.505,252.092-564.693,406.916-672.828,406.916 c-14.9,0-25.53-3.08-31.608-9.162c-7.184-7.18-37.279-53.1,76.157-252.43c71.101-124.937,181.572-280.174,321.064-451.4 L1098.498,374.1c192.72-186.977,392.936-307.397,523.575-307.397c35.442,0,63.336,9.526,82.909,28.315 C1725.705,116.604,1735.13,148.214,1733.003,188.981z\"><\/path><\/svg><span>Site de Global Air Services<\/span><\/a><\/div><\/div><\/div><\/div><\/div><section id=\"wp-block-themeisle-blocks-advanced-columns-546fa8db\" class=\"wp-block-themeisle-blocks-advanced-columns alignfull has-2-columns has-desktop-equal-layout has-tablet-equal-layout has-mobile-collapsedRows-layout has-vertical-flex-start has-light-bg\"><div class=\"wp-block-themeisle-blocks-advanced-columns-overlay\"><\/div><div class=\"innerblocks-wrap\"><div id=\"wp-block-themeisle-blocks-advanced-column-a03592cc\" class=\"wp-block-themeisle-blocks-advanced-column\"><div id=\"wp-block-themeisle-blocks-advanced-heading-db071afb\" class=\"wp-block-themeisle-blocks-advanced-heading wp-block-themeisle-blocks-advanced-heading-db071afb\"><strong>Notre industrie vous int\u00e9resse?<\/strong><\/div>\n\n<h2 class=\"wp-block-heading has-text-align-left has-nv-c-2-color has-text-color has-link-color wp-elements-1907317b68d0f4014c5eb3537e6f374a\" style=\"font-size:32px\">R<strong>ejoignez notre \u00e9quipe!<\/strong><\/h2>\n\n<p class=\"has-text-align-left has-nv-c-2-color has-text-color has-link-color wp-elements-8a16502d6086de5daddf16a8b01a2190\" style=\"font-size:17px\">Vous \u00eates passionn\u00e9(e) et motiv\u00e9(e) par de nouveaux d\u00e9fis ? Nous vous invitons \u00e0 poser votre candidature!<br>Envoyez-nous votre CV et faites-nous savoir pourquoi vous seriez un atout pour notre \u00e9quipe. Nous avons h\u00e2te de d\u00e9couvrir votre profil et d&rsquo;explorer ensemble de nouvelles opportunit\u00e9s!<\/p>\n\n<div id=\"wp-block-themeisle-blocks-button-group-1487cadd\" class=\"wp-block-themeisle-blocks-button-group wp-block-buttons align-left\"><div id=\"wp-block-themeisle-blocks-button-d3c2c39b\" class=\"wp-block-themeisle-blocks-button wp-block-button is-style-fill\"><a href=\"https:\/\/globalavionique.com\/staging\/carrieres\/\" target=\"_self\" rel=\"noopener noreferrer\" class=\"wp-block-button__link\"><span>Postes disponibles<\/span><\/a><\/div><\/div><\/div>\n\n<div id=\"wp-block-themeisle-blocks-advanced-column-5b750788\" class=\"wp-block-themeisle-blocks-advanced-column\"><h3 class=\"wp-block-heading has-text-align-left has-nv-c-2-color has-text-color has-link-color wp-elements-9f53a7a8ed0abd685da25f1500c27374\" style=\"font-size:26px\"><strong>L&rsquo;expertise au c\u0153ur de notre \u00e9quipe<\/strong><\/h3>\n\n<p class=\"has-text-align-left has-nv-c-2-color has-text-color has-link-color wp-elements-b1e45e7ba9376399b693969e0292c17d\" style=\"font-size:17px\">Rejoignez une \u00e9quipe d&rsquo;experts chevronn\u00e9s, passionn\u00e9s par leur m\u00e9tier et pr\u00eats \u00e0 partager leurs ann\u00e9es d&rsquo;exp\u00e9rience pour relever ensemble les d\u00e9fis de l&rsquo;industrie.<\/p>\n\n<h3 class=\"wp-block-heading has-nv-c-2-color has-text-color has-link-color wp-elements-0eb7c039ce517c83c296f04a1dc97f97\" style=\"font-size:26px\"><strong>Un cadre stimulant pour votre r\u00e9ussite<\/strong><\/h3>\n\n<p class=\"has-nv-c-2-color has-text-color has-link-color wp-elements-638671d0bb1d33db6e8e07ac40e7b8be\" style=\"font-size:17px\">Nous offrons un environnement dynamique, propice \u00e0 la croissance professionnelle et \u00e0 l&rsquo;\u00e9panouissement personnel avec une \u00e9quipe motiv\u00e9e.<\/p><\/div><\/div><\/section><p><\/p>","protected":false},"excerpt":{"rendered":"","protected":false},"author":5,"featured_media":0,"parent":0,"menu_order":0,"comment_status":"closed","ping_status":"closed","template":"","meta":{"neve_meta_sidebar":"full-width","neve_meta_container":"contained","neve_meta_enable_content_width":"on","neve_meta_content_width":100,"neve_meta_title_alignment":"center","neve_meta_author_avatar":"","neve_post_elements_order":"","neve_meta_disable_header":"","neve_meta_disable_footer":"","neve_meta_disable_title":"on","_themeisle_gutenberg_block_has_review":false,"footnotes":""},"class_list":["post-323","page","type-page","status-publish","hentry"],"jetpack_sharing_enabled":true,"_links":{"self":[{"href":"https:\/\/globalavionique.com\/staging\/wp-json\/wp\/v2\/pages\/323","targetHints":{"allow":["GET"]}}],"collection":[{"href":"https:\/\/globalavionique.com\/staging\/wp-json\/wp\/v2\/pages"}],"about":[{"href":"https:\/\/globalavionique.com\/staging\/wp-json\/wp\/v2\/types\/page"}],"author":[{"embeddable":true,"href":"https:\/\/globalavionique.com\/staging\/wp-json\/wp\/v2\/users\/5"}],"replies":[{"embeddable":true,"href":"https:\/\/globalavionique.com\/staging\/wp-json\/wp\/v2\/comments?post=323"}],"version-history":[{"count":49,"href":"https:\/\/globalavionique.com\/staging\/wp-json\/wp\/v2\/pages\/323\/revisions"}],"predecessor-version":[{"id":1215,"href":"https:\/\/globalavionique.com\/staging\/wp-json\/wp\/v2\/pages\/323\/revisions\/1215"}],"wp:attachment":[{"href":"https:\/\/globalavionique.com\/staging\/wp-json\/wp\/v2\/media?parent=323"}],"curies":[{"name":"wp","href":"https:\/\/api.w.org\/{rel}","templated":true}]}}